{"id":77,"date":"2016-04-21T09:19:49","date_gmt":"2016-04-21T07:19:49","guid":{"rendered":"http:\/\/solidarite67.noblogs.org\/?page_id=77"},"modified":"2016-07-09T08:09:41","modified_gmt":"2016-07-09T06:09:41","slug":"la-caisse","status":"publish","type":"page","link":"https:\/\/solidarite67.noblogs.org\/?page_id=77","title":{"rendered":"La caisse"},"content":{"rendered":"<div class=\"entry-content\">\n<p style=\"text-align: justify\">Lors de l\u2019<a href=\"https:\/\/www.facebook.com\/events\/1682960331957853\/\" target=\"_blank\">Assembl\u00e9e G\u00e9n\u00e9rale Unitaire du 15 avril, appel\u00e9e par les etudiant.e.s en lutte, ayant eue lieu \u00e0 Molodo\u00ef<\/a>; et constatant la r\u00e9pression brutale du mouvement social contre la Loi Travail au niveau local comme au niveau national, il a \u00e9t\u00e9 act\u00e9 le principe d\u2019une caisse de solidarit\u00e9 \u00e0 destination de<em> toutes<\/em> les personnes, sans distinction, participant d\u2019une mani\u00e8re ou d\u2019une autre \u00e0 ce mouvement et ayant eu affaire \u00e0 la r\u00e9pression.<\/p>\n<p style=\"text-align: justify\">La caisse de solidarit\u00e9 a pour buts minimaux :<br \/>\n\u2013 De r\u00e9colter de l\u2019argent pour aider \u00e0 faire face aux frais de justice (avocats, frais de prison&#8230;).<br \/>\n\u2013 De faire parvenir aux personnes incarc\u00e9r\u00e9es v\u00eatements, magazines, lettres, etc.<\/p>\n<\/div>\n<p style=\"text-align: justify\">Par ailleurs, nous avons choisi de ne parler des affaires qu&rsquo;en utilisant le vocabulaire utilis\u00e9 par la justice, c&rsquo;est-\u00e0-dire en indiquant uniquement ce qu&rsquo;elle pr\u00e9tend reprocher aux manifestant.e.s. \u00c9tant solidaires sans distinction, nous-m\u00eames refusons de communiquer sur les faits en tant que tels.<\/p>\n<p style=\"text-align: justify\">Nous avons aussi choisi, comme c\u2019est le cas pour d\u2019autres caisses de solidarit\u00e9, de ne plus tenir publiquement le d\u00e9compte des dons et des frais, principalement pour \u00e9viter que les forces r\u00e9pressives aient une visibilit\u00e9 l\u00e0-dessus et puissent s\u2019ajuster en fonction \u2013 ces informations seront bien \u00e9videmment communiqu\u00e9es sans probl\u00e8me \u00e0 qui en fait la demande de visu, lors de nos rendez-vous ou si vous nous croisez en manifestation. Dans tous les cas, nos d\u00e9penses ont des justificatifs papiers, nos recettes v\u00e9rifi\u00e9es par plusieurs personnes en dehors de notre collectif et les comptes tenus sur un pad enregistrant publiquement toutes les modifications.<\/p>\n<p style=\"text-align: center\"><a href=\"https:\/\/solidarite67.noblogs.org\/files\/2016\/07\/Sans-nom-2.pdf\"><img loading=\"lazy\" decoding=\"async\" class=\"aligncenter size-full wp-image-346\" src=\"https:\/\/solidarite67.noblogs.org\/files\/2016\/07\/recto.jpg\" alt=\"recto\" width=\"576\" height=\"826\" srcset=\"https:\/\/solidarite67.noblogs.org\/files\/2016\/07\/recto.jpg 576w, https:\/\/solidarite67.noblogs.org\/files\/2016\/07\/recto-209x300.jpg 209w\" sizes=\"auto, (max-width: 576px) 100vw, 576px\" \/><\/a><a href=\"https:\/\/solidarite67.noblogs.org\/files\/2016\/07\/Sans-nom-2.pdf\"><img loading=\"lazy\" decoding=\"async\" class=\"aligncenter size-full wp-image-347\" src=\"https:\/\/solidarite67.noblogs.org\/files\/2016\/07\/verso.jpg\" alt=\"verso\" width=\"611\" height=\"824\" srcset=\"https:\/\/solidarite67.noblogs.org\/files\/2016\/07\/verso.jpg 611w, https:\/\/solidarite67.noblogs.org\/files\/2016\/07\/verso-222x300.jpg 222w\" sizes=\"auto, (max-width: 611px) 100vw, 611px\" \/><\/a><\/p>\n","protected":false},"excerpt":{"rendered":"<p>Lors de l\u2019Assembl\u00e9e G\u00e9n\u00e9rale Unitaire du 15 avril, appel\u00e9e par les etudiant.e.s en lutte, ayant eue lieu \u00e0 Molodo\u00ef; et constatant la r\u00e9pression brutale du mouvement social contre la Loi Travail au niveau local comme au niveau national, il a &hellip; <a href=\"https:\/\/solidarite67.noblogs.org\/?page_id=77\">Continuer la lecture <span class=\"meta-nav\">&rarr;<\/span><\/a><\/p>\n","protected":false},"author":10723,"featured_media":0,"parent":0,"menu_order":0,"comment_status":"closed","ping_status":"closed","template":"","meta":{"footnotes":""},"class_list":["post-77","page","type-page","status-publish","hentry"],"_links":{"self":[{"href":"https:\/\/solidarite67.noblogs.org\/index.php?rest_route=\/wp\/v2\/pages\/77","targetHints":{"allow":["GET"]}}],"collection":[{"href":"https:\/\/solidarite67.noblogs.org\/index.php?rest_route=\/wp\/v2\/pages"}],"about":[{"href":"https:\/\/solidarite67.noblogs.org\/index.php?rest_route=\/wp\/v2\/types\/page"}],"author":[{"embeddable":true,"href":"https:\/\/solidarite67.noblogs.org\/index.php?rest_route=\/wp\/v2\/users\/10723"}],"replies":[{"embeddable":true,"href":"https:\/\/solidarite67.noblogs.org\/index.php?rest_route=%2Fwp%2Fv2%2Fcomments&post=77"}],"version-history":[{"count":6,"href":"https:\/\/solidarite67.noblogs.org\/index.php?rest_route=\/wp\/v2\/pages\/77\/revisions"}],"predecessor-version":[{"id":355,"href":"https:\/\/solidarite67.noblogs.org\/index.php?rest_route=\/wp\/v2\/pages\/77\/revisions\/355"}],"wp:attachment":[{"href":"https:\/\/solidarite67.noblogs.org\/index.php?rest_route=%2Fwp%2Fv2%2Fmedia&parent=77"}],"curies":[{"name":"wp","href":"https:\/\/api.w.org\/{rel}","templated":true}]}}